 z**3 - 12*z**2 - 13*z + 8. What is the units digit of o(13)?
8
Suppose 2*l = -l + 3. Let m(c) be the first derivative of 7*c**4/4 - c**3/3 + c**2 - c - 1. What is the units digit of m(l)?
7
Suppose 0 = -y + 3*l + 92, y + 255 = 4*y - 2*l. What is the units digit of y?
3
Let o = -3 + 5. Let l(y) = -y**2 - 5 - 4*y - 3*y + o. What is the units digit of l(-6)?
3
Let i = 44 + 33. What is the tens digit of i?
7
Suppose g - 3*n + 24 = 2*g, -2*n - 35 = -5*g. What is the units digit of g?
9
Let d(k) = k**3 - 6*k**2 + 5*k + 1. Let p be d(5). Let m be p*6 - (-4)/2. What is the units digit of m*1/(4/2)?
4
Let f = -1 - -3. Suppose -f*p + 9 - 3 = 0. What is the units digit of p?
3
Suppose r - 16 + 4 = 0. Let u = r - 7. Suppose 0 = -u*k + 5*s + 25, 0 = k - 6*s + 2*s - 17. What is the units digit of k?
1
Suppose 4*o - 55 = -o. Suppose -6 = -5*l + 7*u - 3*u, -u + o = 5*l. What is the units digit of l?
2
Suppose r + 1 = -3, 4*y + r - 12 = 0. Suppose -y*d + d + 12 = 0. What is the units digit of d?
4
Suppose 4*w - 96 = -0*w. Suppose 0 = 3*i - i - w. What is the tens digit of i?
1
Let u(a) = a**3 - 5*a**2 - 2*a + 2. Let b be (-15)/(-2)*8/10. What is the units digit of u(b)?
6
Let r(i) be the third derivative of -i**6/120 - 7*i**5/60 - 5*i**4/24 + 5*i**3/6 - 2*i**2. Let z be r(-6). Let k = z - -2. What is the units digit of k?
1
Let h(p) be the second derivative of -p**3/6 + 8*p**2 - p. Let q be h(10). Let r = -1 + q. What is the units digit of r?
5
Let w(o) be the second derivative of o**4/12 - o**3/2 - 3*o. What is the units digit of w(-3)?
8
Let i be (2 + 6)/2 + 1. What is the units digit of (-7)/(-35) - (-29)/i?
6
Suppose 2*u = -2*k + 72, -2*u - 3*k + 4*k = -66. What is the units digit of u?
4
Let k = 9 + -8. Suppose 3*v = 2 + 1. Let j = v + k. What is the units digit of j?
2
Let f(t) = 5*t - 45. What is the tens digit of f(13)?
2
Let z = 3 - 2. Suppose -7 - z = -4*w. Suppose q + j - 37 = -w*q, j = -5*q + 65. What is the units digit of q?
4
Let q = 1 + -10. Let z be 1/(2/(-4)) + q. Let a(d) = d**2 + 10*d. What is the units digit of a(z)?
1
Suppose -v + 0*a - 27 = 5*a, 0 = -2*v - 5*a - 29. What is the tens digit of (1/v)/(5/(-140))?
1
Let b(d) = -3*d - 10 - 6 + 4. What is the tens digit of b(-10)?
1
Suppose h + 120 - 5 = 5*r, -3*h + 15 = 0. What is the tens digit of r?
2
Let s be 6*(1 + 75/9). Suppose j + s = -3*j. Let o = -8 - j. What is the units digit of o?
6
Suppose -r + 80 = 3*o, r - 6*r = -o. What is the tens digit of o?
2
Let m(n) = n**2 - 2*n - 5. Let u be m(4). Let q be (6/(-4))/(u/(-4)). What is the units digit of (1 + 2 + -1)/q?
1
Let c(u) = -8 + 4*u + u - 4*u. Let p be c(9). Suppose 3 + p = 4*i. What is the units digit of i?
1
Suppose -o - 2*o = 18. Let y be (4/o)/(2/(-21)). Suppose -4*n - y = -15. What is the units digit of n?
2
Let k(i) = 2*i - 2. Let j be k(3). Suppose -2*g - 2 = -j*g. What is the units digit of g?
1
Suppose -3*i - 25 = -307. What is the tens digit of i?
9
Let k(m) = -m - 1. Let t be k(-4). Suppose 0 = -t*w + 12, -79 = -5*h - 5*w + 51. What is the units digit of h?
2
Suppose -14*a + 365 = -11*a + 2*u, a + 4*u = 125. What is the units digit of a?
1
Let x(z) = z**3 - 10*z**2 + 12*z + 6. What is the tens digit of x(9)?
3
Let i be 0 - 1 - 5/(-1). Suppose -6*k = -i*k - 12. What is the units digit of k?
6
Let z = -4 + 83. What is the tens digit of z?
7
Let m = 6 - -42. What is the tens digit of m?
4
Let y(z) = -z**2 - 20*z. What is the tens digit of y(-14)?
8
Let f(t) = t**2 + 6*t + 6. Let z be f(-4). Let w be (-54)/(-10) - 2/5. Let y = w + z. What is the units digit of y?
3
Suppose 7*k - 2*k = 0. Let w = -1 + k. What is the units digit of 1*(2 + (w - -2))?
3
Suppose -10 = -2*t + 52. Suppose 0 = -3*m + y + t - 1, 4*m = y + 40. What is the units digit of m?
0
Let z(y) = -y**2 + 3*y. Let g be z(-3). Let j(l) = -3*l - 5. What is the units digit of j(g)?
9
Let h(v) = -v**3 - v**2 + 3*v + 15. What is the tens digit of h(-5)?
0
Let p(o) = o**3 + 2*o**2 + 2*o + 1. Let v be p(-1). Suppose v = 4*k - 114 + 6. What is the tens digit of k?
2
Let r = -6 - -2. Let m be r/6 - 16/(-6). Suppose m*b + 3*p - 14 - 19 = 0, 0 = 3*b - 2*p - 30. What is the units digit of b?
2
Let x be (-5)/((-45)/33)*54. Suppose -5*r = r - x. What is the tens digit of r?
3
Let p(k) = 3*k - 2. Let j be p(2). Let r be 2/j*-2 - -75. What is the units digit of 4/(-10) + r/10?
7
Let t(h) be the third derivative of 0*h + 0 - 1/60*h**5 - 3/8*h**4 + 2*h**2 - h**3. What is the units digit of t(-7)?
8
Suppose -5*l + 27 = 3*r - 0*l, -4*l + 8 = -r. Suppose s + 12 = r*s. What is the units digit of s?
4
Suppose 5*q - 30 + 0 = -3*v, 4*v - 11 = 3*q. Suppose b = -b - 2*g + 30, -q*g - 31 = -b. What is the units digit of b?
9
Suppose -4 = -t - 1, -4*s + 15 = 5*t. Suppose 0 = -s*g - 2*g + 64. What is the units digit of g?
2
Let w = 88 - 32. Suppose -w = -5*f + 19. Suppose f = 5*c - 20. What is the units digit of c?
7
Suppose -2*a - 9 = -2*v + 73, -5*v + 4*a + 202 = 0. What is the units digit of v?
8
Suppose m + 20 = 5*m. Suppose 0 = -y + 2*i + 8, 6*i - 3*i = m*y - 33. What is the units digit of y?
6
Let b = -8 - -18. What is the units digit of b?
0
Let i be (2 + -4)*(0 + -2). Let w = 1 + i. Suppose w*c - 2*p - 10 = 7, -2*c + 4*p = -10. What is the units digit of c?
3
Let p = -13 - -8. Suppose 84 = -2*i + 3*i. What is the units digit of i/10 - (-2)/p?
8
Let z = -54 + 140. What is the units digit of z?
6
Let m(b) = -2*b. Let l be m(-1). Let q(h) = 0*h**l + 2*h + h**2 + 4*h - 1 + 6. What is the units digit of q(-6)?
5
Let w = -27 + 65. What is the units digit of w?
8
Let b be 4/(-14) + 428/28. Suppose 5 = -i + b. What is the units digit of i/3*(-6)/(-5)?
4
Suppose 5 = -3*h + 4*h. Suppose -h*r = 5 + 5. What is the units digit of -1*r/(2/2)?
2
Suppose b - 4 = 2*y, 0 = y - 4*b - 0*b + 16. Let u be 0 + (7 - (3 + y)). Suppose -u*i + 37 = -d, -i + 5*d = 2*d - 1. What is the tens digit of i?
1
Let v be -6*(-1 + 2)*-1. Suppose 0 = -0*z + z - v. Let k = z + -1. What is the units digit of k?
5
Suppose -3*c - 5*r + 7 = 16, -2*c - 3*r - 5 = 0. What is the units digit of c + (-4)/((-4)/(-1))?
1
Let n(g) = -g**3 - 4*g**2 + g - 17. What is the tens digit of n(-7)?
2
Let k be (-2 + 3)*3/(-1). Let h be (-13)/k - 2/6. Suppose h*g = f - 10 - 0, 0 = 3*f + 4*g + 2. What is the units digit of f?
2
Let v(t) = t**2 - 7*t + 9. Let r be 0 + (2 - 4) - 2. Let y = 2 - r. What is the units digit of v(y)?
3
Let i = 1 + -3. Let t be i/(-3) - 10/(-3). Suppose 2*g - 2*q - 25 = q, -2*g - t*q = 10. What is the units digit of g?
5
Let z(x) = -20*x + 2 - x**3 + 15*x + 5*x**2 - 2. Let d be z(4). What is the units digit of (-50)/(-4) - d/8?
3
Let m be 12 + 3 + 1 - 1. Let r = m - 11. What is the units digit of r?
4
Let l = -7 + 9. Suppose l*j - 5*g + 3 - 2 = 0, -2*j = 3*g - 7. Suppose 64 = 4*t - 4*k, 5*k = 3*t - j*t - 24. What is the units digit of t?
4
Suppose 5*f = 3*g, 5*f - g = 13 - 3. Suppose -9 = -3*n - f. What is the units digit of n?
2
Let c be (-4)/(-16) - (-18)/(-8). Let h(n) = -n. Let x(a) = 2*a. Let g(p) = c*x(p) - 5*h(p). What is the units digit of g(3)?
3
Suppose 0 = n + 3, -n - 359 = 2*v - 6*v. What is the units digit of v?
9
Let y = -131 + 227. What is the units digit of y?
6
Let p(u) = u + 1. Let o be p(4). Suppose 0 = -2*j + o + 87. What is the tens digit of j?
4
Suppose -2*v + 10 = a, -2*a = -v - 0*v + 5. Let w = v - 2. What is the units digit of w?
3
Suppose 2*n = 297 - 33. Let i = -87 + n. Suppose 5*u - i = -0*u. What is the units digit of u?
9
Suppose 2*d + 5 = -b, -3*b + 4*d = -2 - 13. What is the tens digit of (145/(-15))/(b/(-3))?
2
Let t be 6*2*3/9. Suppose 5*m - 9 = t*m. What is the units digit of m?
9
Suppose 4*y = 3*y - 66. Let j = -47 - y. What is the tens digit of j?
1
Suppose -6*n - 100 = -n. What is the tens digit of (-1)/5 + (-464)/n?
2
Suppose 182 = 5*q + 12. Let d = q + -52. What is the units digit of (-17)/(-5) + d/(-30)?
4
Let p be (-40)/6*(-33)/(-22). Let g(k) = k**2 + 10*k + 9. What is the units digit of g(p)?
9
What is the tens digit of (-60)/2*88/(-55)?
4
Let w(c) be the second derivative of -c**5/20 - 7*c**4/12 - 5*c**3/3 - 7*c**2/2 - 2*c. Let p = 65 + -71. What is the units digit of w(p)?
7
Suppose 5*y - 1044 = -4*y. What is the units digit of y?
6
Suppose 3*w + 2*r - 522 = -w, 4*w - 507 =